are the prime factors of z?
3
Suppose 164 + 68 = 4*k. Suppose -k - 26 = -t. Let m = t + -27. List the prime factors of m.
3, 19
Suppose 5*r = -4*v + 19377, 93*v = 96*v + r - 14541. What are the prime factors of v?
2, 3, 101
Let k = 3984 - 2240. What are the prime factors of k?
2, 109
Suppose 5*g - 59 = 456. Suppose -5*f = 23 - g. List the prime factors of f.
2
Let o(l) = 40*l**2 - 4*l - 21. What are the prime factors of o(6)?
3, 5, 31
Let d be (-12)/((5/2)/(-5)). Let w = d + -27. Let k(x) = 2*x**2 + 4*x. List the prime factors of k(w).
2, 3
Suppose 0 = -4*w - 20, -14853 = -61*h + 58*h + 3*w. List the prime factors of h.
2, 2473
Suppose -4*i = i + 4*w + 185, -3*w = 5*i + 190. Let s = -23 - i. What are the prime factors of s?
2, 3
Let b = -51 + 52. Let f(j) = 5 - 3 + 1 + 22*j. What are the prime factors of f(b)?
5
Suppose 26*i - 23*i + 318 = 0. Let n = i + 76. Let a = -27 - n. List the prime factors of a.
3
Let v(m) = 2*m**2 + 39 + 225 + 3*m**2 + m - 3*m**2. List the prime factors of v(0).
2, 3, 11
Suppose 5*u = 2*u + 6. Let j be 0 - (5 - -1)/u. Let c(n) = 5*n**2 + 3*n - 4. What are the prime factors of c(j)?
2
Suppose -3*y + 2*v = -2858, 5*y + 16*v - 19*v - 4763 = 0. List the prime factors of y.
2, 7, 17
Let k be 4 - (-2)/6*-9. Suppose 0 = -l + 3*n - 3 + k, -2*l - 4*n = -16. Suppose -5*g + 30 + 22 = l*x, 5*g + 20 = 0. List the prime factors of x.
2, 3
Suppose -10*b - 4*s - 7488 = -12*b, 3*s = 12. List the prime factors of b.
2, 7, 67
Let b = -139 + 157. Let h be (-1 - (3 - 1))/(-1). Suppose -102 = -h*j - b. What are the prime factors of j?
2, 7
Suppose -5*v = -v - 60. Let r(w) = -w**3 + 16*w**2 - 16*w + 17. What are the prime factors of r(v)?
2
Let z = 372 - 190. Suppose 2*w - z = -3*j, w = -4*j + 235 + 1. What are the prime factors of j?
2, 29
What are the prime factors of ((-1076)/(-7))/(108/378)?
2, 269
List the prime factors of ((-1800)/32 + -9)*-20.
3, 5, 29
Suppose q - 1504 = -2*k + 5*q, 0 = 3*k - q - 2251. List the prime factors of k.
2, 3, 5
Let y be 2 + 0/(2/1). Let u be 0/((-3)/(-12) - 30/(-8)). Suppose 4*i = -u*i + 4, m - 17 = y*i. What are the prime factors of m?
19
Let p(w) = 130*w**2 - 13*w - 4. What are the prime factors of p(-3)?
5, 241
Let l(g) = 87*g**3 - 4*g + 8. What are the prime factors of l(3)?
5, 7, 67
Suppose -15*w - 15*w + 26520 = 0. What are the prime factors of w?
2, 13, 17
Suppose -3*h = -4*h + 16. Suppose 7*s = 5*s + h. List the prime factors of s.
2
Let h = 26 - 21. Let f(i) = i**2 + 7*i + 2. What are the prime factors of f(h)?
2, 31
Let h = 5832 + -4127. What are the prime factors of h?
5, 11, 31
Suppose -3*l + 1948 = 4*k, -3*l = k - 2*l - 488. List the prime factors of k.
2, 11
Let n be 4/2 + 0 + -18 + 19. Suppose -5*c - n*q = -281, c - 4*q = -0*c + 47. List the prime factors of c.
5, 11
List the prime factors of (50/(-5) - -11)*1361.
1361
Suppose 10341 = 92*r - 89*r. What are the prime factors of r?
3, 383
Let i(u) = u**3 - u**2 + u. Let q(r) = 4*r**3 - 2*r**2 - 2*r + 11. Let n(h) = 5*i(h) - q(h). List the prime factors of n(5).
2, 37
Let d be (-5)/(-5) - 102/3. Let x = -33 - d. Suppose j + 3 - 22 = x. List the prime factors of j.
19
Let w(s) = -3*s**2 - 2*s + 5*s - 25*s**3 - 5*s. List the prime factors of w(-1).
2, 3
Let q(y) = 9*y - 4 + 2 - 5*y. List the prime factors of q(5).
2, 3
Suppose 6*p - 35 = p. Let f(j) be the third derivative of -j**6/120 + 2*j**5/15 - j**4/6 + j**3/6 - j**2. List the prime factors of f(p).
2, 11
List the prime factors of 29818/7 - (-315)/(-441).
4259
Let s(o) = -59*o - 25. What are the prime factors of s(-3)?
2, 19
Suppose -17 = -3*v - 11. What are the prime factors of ((-168)/20)/(v/(-70))?
2, 3, 7
Let c(l) = -5 - 3*l**2 + 2*l**2 + 5. Let q be c(1). List the prime factors of 1/(q/75*-3).
5
Let r(q) = 13*q - 25 - 11*q - 4*q. Let c be r(0). What are the prime factors of 72/5 + (-15)/c?
3, 5
Suppose 0 = 10*c - 0*c + 950. Let x = -61 - c. What are the prime factors of x?
2, 17
Let i(j) = j + 19. Let f be i(0). Suppose o + 1 - 4 = 0. Suppose -f = -4*g + o*g. What are the prime factors of g?
19
Let s(z) = -111*z - 487. List the prime factors of s(-29).
2, 683
Suppose -4*x + 108 = -16*x. Let b(i) = -5*i + 34. What are the prime factors of b(x)?
79
Suppose -3*l + 2*z = 2*l - 2, l + 4 = -4*z. Suppose -h = -l*h - 4. Suppose h*b = -2*i + 22, -5*i = 5*b - 49 + 14. List the prime factors of b.
2
Let w be 21/(-3)*(0 - -1). Let z = w + 2. Let u(q) = -q**3 - 4*q**2 + 2*q - 5. What are the prime factors of u(z)?
2, 5
Suppose 4*z = -3*v + 108, 2*v - 5*z + z = 72. List the prime factors of (v/(-24))/((-1)/76).
2, 3, 19
Let x = -28 - -34. Suppose x*h - 1648 = -250. What are the prime factors of h?
233
Let j = 4547 + -2143. List the prime factors of j.
2, 601
Let i(h) = h**3 + 11*h**2 + 10*h + 2. Let l be i(-10). Suppose -5*d = -l*u - 4 - 3, -3*u = -2*d + 5. Let w = u - -24. What are the prime factors of w?
23
List the prime factors of (1/2*-191)/((-11)/154).
7, 191
Let t(d) = -477*d - 85. What are the prime factors of t(-6)?
2777
List the prime factors of 8/12 + -1 - 3228/(-18).
179
Let p be (-34)/51 - 26/6. Let i(u) = -u**3 + 10*u**2 - 8*u + 1. Let t be i(9). List the prime factors of p/t + (-106)/(-4).
2, 13
Let c = -9 + 19. Let z = 1 + -4. What are the prime factors of (c/z)/(6/(-9))?
5
Let i = -2220 - -3339. List the prime factors of i.
3, 373
Let x(h) be the first derivative of 13/3*h**3 - 3 - 1/4*h**4 - 10*h + 2*h**2. What are the prime factors of x(13)?
2, 3, 7
What are the prime factors of 1487785/585 - 4/18?
2543
Let o(y) = -y**3 - 3*y**2 - 2*y - 3. Let p be o(-3). Suppose -t - p = -0*t. Let n(d) = 2*d**2 - 4. List the prime factors of n(t).
2, 7
Let o(y) = 22*y**2 + y + 1. Let u be o(-1). Suppose -12*k + 114 = -54. Let w = u - k. List the prime factors of w.
2
Suppose 3*r - 3*h = 4569, 5*r - 8*h + 7*h - 7611 = 0. What are the prime factors of r?
2, 761
Let c(o) be the second derivative of -o**3 - 4*o**2 - 10*o. What are the prime factors of c(-2)?
2
Let b = 439 - 416. Suppose 2*o = h - 11, 35 = -4*o - o + 4*h. Let j = o + b. What are the prime factors of j?
2, 5
Let m be (-776)/20 - 1/5. Let y = m - -63. List the prime factors of y.
2, 3
Let r(d) = d**3 - 6*d**2 + 11*d - 16. Let l be r(8). Suppose -25*x + l = -23*x. List the prime factors of x.
2, 5
Let u(i) = 4*i + 0*i - i**2 + 3 + 5*i. Let r be u(9). Suppose r*o - j = 134, 2*o + 224 = 7*o - 2*j. What are the prime factors of o?
2, 11
Let g(q) = -q**3 + 8*q**2 + q. Let d be g(8). Suppose 3*f = p - 2*f - 26, -p = 4*f - d. What are the prime factors of -1*p*(4 - 6)?
2
What are the prime factors of (-2*(1 + 765/(-2)))/1?
7, 109
Suppose 0 = -11*c - 161 + 205. List the prime factors of c.
2
List the prime factors of 5/(35/(-4)) - 246983/(-77).
3, 1069
Let m = 5856 + -2925. What are the prime factors of m?
3, 977
Let s(q) = -9*q**3 - 3*q**2 + 2*q. Let l be s(2). Let i be (2/4)/((-4)/l). Let u = 17 - i. List the prime factors of u.
7
Let o(h) = -21*h**3 + h**2 + h. Let w be 1 + -3 + 0 + 1. Let t be o(w). List the prime factors of 82*(t/(-6) + 4).
41
Let i(s) = s**2 - 10*s - 6. Let j be i(11). Suppose 0 = -j*u + 515 + 20. List the prime factors of u.
107
Let v = 99 - 58. Let o = v - 38. List the prime factors of -2 + (-3)/(o/(-50)).
2, 3
Suppose -3*m = -5*w + 9, 23 = -0*m - m - 5*w. Let n(h) = 2*h - 45. Let u be n(21). List the prime factors of (m/u)/(2/12).
2
Let g(o) = 2*o**3 - 4*o**2 - 6*o - 9. Let b be g(6). Let a = -152 + b. List the prime factors of a.
7, 13
Suppose -4*r + r = -q - 1873, 4*r = -q + 2502. List the prime factors of r.
5
Let t = 7 - 3. Suppose -v + t = 2. What are the prime factors of (-12)/8*(-24)/v?
2, 3
Let q(o) = -o**2 - o + 12. Let u be q(-4). Let d be (0 + 2)*(-1 + 3). Suppose v + u*p = 4*p + 6, -4*p - 60 = -d*v. List the prime factors of v.
2, 3
Suppose 2*z = -3*b, z - 1 = 2*z + 2*b. Suppose z*o = -3*x + 8*x - 434, x = -4*o + 73. List the prime factors of x.
5, 17
Suppose -z + 12468 = 3*g, 0 = -3*g - 5*z + 7*z + 12468. List the prime factors of g.
2, 1039
Let p = -4 + -61. Let n = 92 + p. List the prime factors of n.
3
Let n be 4*(-10)/(-4)*1. Let g(s) = s**2 - 11*s + 12. Let u be g(n). Suppose u*f + 3*r = 36 + 19, 4*f - 137 = 3*r. What are the prime factors of f?
2
Suppose 5*m - 19 = 56. Let z = m + 32. List the pr